-17 - -31. Let c = -3 + y. Calculate the highest common factor of c and 11.
11
Let r be 1*61 + 1/(-1). What is the highest common divisor of r and 90?
30
Suppose 2*i + 5*w = -3*i - 50, 5*i - 5*w = 0. Let t = -1 - i. What is the greatest common divisor of 28 and t?
4
Suppose 3*y = -3*u + 708, -5*u + 7*y + 1171 = 3*y. What is the highest common factor of u and 47?
47
Suppose 0 = 4*k - 12, -2*c + 3*k - 6 = c. Let h be 5 + -4 - (c - 4). What is the highest common factor of h and 4?
4
Let u = 14 - 10. Calculate the highest common factor of u and 32.
4
Let h be (-3 + (-21)/(-9))*-6. What is the greatest common divisor of 10 and h?
2
Suppose 23 = h - k, 2*k - 4 = 4*k. Let z = -372 + 540. Calculate the greatest common factor of z and h.
21
Suppose 2*n + 32 = 6*n. Suppose 0*l = 2*l - 128. What is the greatest common factor of n and l?
8
Let d = 31 - -113. What is the highest common divisor of 18 and d?
18
Let z be 6/(-10) + (1716/5)/2. What is the greatest common factor of z and 9?
9
Suppose 3*u - 13 = -4*i, 4 = 5*u - 11. Calculate the greatest common factor of 29 and i.
1
Let w(z) = -z**2 - 10*z - 8. Let y(r) = -r**2 - 2*r - 1. Let k be y(2). Let o be w(k). What is the greatest common divisor of 3 and o?
1
Let d = 54 + -9. Suppose 0 = -3*l + l + 30. Suppose 0 = s + 2*s - l. What is the highest common factor of d and s?
5
Let w = 17 + -11. Suppose -w*p - 5 + 95 = 0. Let r(j) = -42*j - 3. Let q be r(-4). What is the highest common factor of p and q?
15
Suppose 0 = -2*m + 5*s + 24, 4*s = 1 - 17. Let o be 2 + 0/m - -28. Calculate the greatest common factor of o and 45.
15
Let m be ((-1)/(-2))/(1/34). Let f = m - 14. Calculate the greatest common factor of f and 27.
3
Let g = -1 - -1. Let z = -2 + g. Let w = 4 + z. Calculate the greatest common factor of w and 4.
2
Suppose -2*f = p - 93 + 29, 126 = 2*p + 3*f. What is the greatest common factor of p and 40?
20
Let a = -3 - -6. Suppose -2*g + 7*g = 15. Calculate the greatest common factor of a and g.
3
Let x = 27 - 18. Calculate the greatest common factor of 99 and x.
9
Suppose 3*p = 4*s + 48, 3*s = 2*p - 2*s - 39. Calculate the highest common divisor of p and 18.
6
Let r = -42 + 45. Calculate the highest common factor of 1 and r.
1
Let f(b) = -b**3 + 12*b**2 + 6. Let k be f(12). Let m(p) = -p**3 - 4*p**2 + 2*p - 6. Let h be m(-6). Calculate the highest common divisor of h and k.
6
Suppose -39 = -4*t + 2*w - 13, 4*w - 44 = -4*t. Calculate the highest common divisor of 72 and t.
8
Let q be 70/(-6) + (-8)/24. Let y be 65/3 - (-8)/q. Let t be 287/y + 2/6. Calculate the greatest common divisor of 35 and t.
7
Let w(q) = -3*q - 10. Let r be w(-8). What is the highest common factor of r and 7?
7
Suppose 3*h - 2*h = 0. Suppose 4*t + h*t = 280. What is the highest common divisor of 10 and t?
10
Suppose 27 = 5*z + 2. Suppose 3*j = z*j - 2. Let k(u) = u - 2. Let x be k(6). What is the highest common factor of j and x?
1
Suppose h - 3 = -0. What is the greatest common factor of 15 and h?
3
Suppose -5*i - 14 = -94. Suppose 8*y = 6*y + i. Calculate the greatest common factor of 1 and y.
1
Let g = 44 + 12. Calculate the greatest common factor of 16 and g.
8
Let r = -26 + 41. Let c = 54 + -31. Let k = c - r. What is the highest common divisor of k and 40?
8
Suppose -5*d - 3*z = -2*z - 187, 0 = d - 2*z - 44. Let r be -6*(2 + 23/(-2)). What is the highest common factor of d and r?
19
Let b be (-4)/(8/(-90)) - 0. What is the greatest common divisor of b and 30?
15
Suppose -s - 3*v - 7 = 0, 3*s + v - 3 + 0 = 0. Suppose s*d = -0*d + 4*w + 4, 5*d = w + 10. Calculate the greatest common factor of d and 2.
2
Let t = -23 - -13. Let f be (-13)/(-3) - t/15. Calculate the highest common factor of 35 and f.
5
Suppose -5*l = -5*m + 41 + 9, 4*l + 8 = 0. What is the highest common divisor of 6 and m?
2
Suppose -4 = 3*t - 40. Let f = 11 + -9. Calculate the highest common factor of f and t.
2
Let r be 4 + (-2 - 3) + 56. Calculate the greatest common factor of r and 22.
11
Suppose 2*a + 0*n - 3*n - 195 = 0, -3*n - 393 = -4*a. What is the greatest common divisor of a and 11?
11
Let b be (48/(-10))/((-2)/20). Let z(s) = -71*s**3 + s**2. Let p = 2 - 3. Let y be z(p). What is the highest common divisor of y and b?
24
Let h = 34 - -6. Calculate the greatest common divisor of 100 and h.
20
Suppose -2*i = -5*x - 29, i - 4*x = -7*x + 9. What is the highest common factor of i and 16?
4
Suppose z + 2*t + 8 = 3*z, -4*z + 21 = -3*t. Let b(j) = j**2 - 8*j - 4. Let u be b(z). Suppose 2 = 2*n - 0. Calculate the highest common factor of n and u.
1
Suppose -8*p + 177 = -5*p. Let a = p + -42. Calculate the highest common divisor of a and 68.
17
Let w be (-1660)/(-70) + 4/14. What is the greatest common divisor of w and 8?
8
Let t be (3 - -4)/(3 - 55/20). What is the greatest common divisor of t and 16?
4
Let n(t) = 20*t**2 - 2*t - 3. Let u be n(-2). Calculate the highest common divisor of u and 9.
9
Let r(x) = -x - 19. Let u(y) = -y - 37. Let a(w) = -5*r(w) + 3*u(w). Let d be a(11). Calculate the highest common divisor of 18 and d.
6
Suppose 1 = 2*a - 5. Suppose 2 = 2*g - 22. What is the greatest common factor of g and a?
3
Let o(b) = b**2 + 3*b + 2. Let a be o(-5). What is the greatest common divisor of a and 30?
6
Let y be (3/4)/(5/120). What is the greatest common divisor of y and 162?
18
Suppose 8 = 5*a - a. Suppose -3*f = a*f, 5*f + 44 = 4*w. Suppose 3*l = 4*r - w, -4*l - r + 20 = l. Calculate the greatest common divisor of l and 1.
1
Let b(r) be the second derivative of r**4/6 - r**3/2 + 2*r. Let v be b(3). Let n = 13 + -10. Calculate the highest common divisor of v and n.
3
Let b(a) = -a**3 + 17*a**2 + 36*a + 76. Let j be b(19). Suppose -v = -x - x - 99, -8 = 4*x. What is the greatest common factor of j and v?
19
Let t(o) = -o**2 + 4*o + 1. Let m be t(4). Let s be m/(-2) - (-285)/10. Let l = 6 + -2. Calculate the greatest common factor of s and l.
4
Let g(s) = 4*s**2 + 2*s - 2. Let j be g(3). Let y = -3 + 3. Suppose -d + 51 + 9 = y. What is the highest common factor of d and j?
20
Let u(r) = 2*r**3 + 2*r**2 - r. Let z be 2 - ((-12)/(-3) + -3). Let a be u(z). Let t = 7 + a. What is the greatest common factor of t and 50?
10
Suppose -3*p + 42 = 6. Let h be (p/14)/(4/28). Suppose -30 = -r - h. Calculate the greatest common divisor of r and 36.
12
Let b be (-4)/8 - 2/(-4). Let s be 2 - 176/(-2 + b). What is the greatest common factor of s and 18?
18
Let x = 212 + -206. Let c(s) = -s**3 + 4*s**2 - 2*s - 3. Let g be c(-3). Calculate the highest common divisor of g and x.
6
Let v be (-1)/2 + (-2136)/(-16). Calculate the greatest common factor of 19 and v.
19
Let r(p) be the third derivative of p**6/120 + p**5/20 - p**4/4 - 2*p**3/3 - p**2. Let w be r(-4). Calculate the greatest common divisor of 4 and w.
4
Let u(d) = -2*d + 1. Let p be u(-2). Suppose -5*m = 3*r - 132, 5*m + 238 - 18 = p*r. Calculate the greatest common factor of r and 11.
11
Suppose -3*g + 4*u + 70 = -22, g = -u + 19. Suppose -4*s + d = -12, -s = 4*s - 5*d. Calculate the highest common factor of g and s.
4
Let i = 48 - 22. What is the greatest common divisor of 234 and i?
26
Suppose -2*j + j - 2*b + 12 = 0, 0 = -4*j + 3*b + 4. Suppose -7*o + 2*o = -90. Suppose -f - j = -o. Calculate the greatest common factor of f and 35.
7
Let y be 5/6 + (-4)/(-24). Let a be -1 + (18 - y - -3). Calculate the greatest common divisor of 133 and a.
19
Let u be (-14 - -2)/(-2 - 0). What is the greatest common factor of u and 15?
3
Suppose 0 = 2*q + 2, -d - 2*q - 6 = -3*d. Let t be 1/d + 270/20. What is the greatest common factor of 112 and t?
14
Let k(c) = c**2 - 9*c - 10. Let v be k(12). What is the greatest common divisor of v and 78?
26
Let l be 2/(-5) - (-51)/15. Let a(r) = -r**3 + 8*r**2 - 7*r + 9. Let o be a(7). Suppose 2*t - o = -t. Calculate the highest common divisor of l and t.
3
Let v be -1 + 102 + -2 + (2 - 3). Calculate the highest common divisor of 14 and v.
14
Let r(x) be the first derivative of x**4/4 + 8*x**3/3 + 3*x + 1. Let y be r(-8). Calculate the highest common factor of 12 and y.
3
Suppose -4*h + 15 = 63. Let f = h + 26. What is the highest common factor of 154 and f?
14
Let k = -28 + 46. What is the greatest common factor of 198 and k?
18
Let z = 4 + -2. Suppose -4*u + z*r = -10, 0 = 